alue of 1 - (-1 + (0 - (-4 - -6)))?
4
(8 - (0 - -16)) + 0
-8
(-7 - -5) + (10 - (-1 + 5))
4
What is the value of (-9 - (2 - 18)) + -6?
1
(0 - 3) + 9 - 7
-1
-1 - (-9 + 5) - (1 - 2)
4
Calculate -5 + -1 + -5 + 6.
-5
What is -1 - (0 - 6 - (-58 + 55))?
2
(8 - 1) + (-3 - -4 - 5)
3
What is 13 - 16 - (1 + -7)?
3
What is the value of -1 + 2 - (20 - 18)?
-1
10 + (7 - 4) - 4
9
What is 0 - (-5 + 0 - 0)?
5
What is the value of 15 + (-5 - (0 + 1 + 2))?
7
What is the value of (-7 - -1 - (-11 - 4)) + 0?
9
-242 - -254 - (0 - -8)
4
What is the value of (1 - (-3 + 2) - 0) + -7?
-5
Evaluate (3 - 1) + 4 + -5 + -3.
-2
2 - (5 + -1) - 3 - -1
-4
Calculate 2 + -1 + -4 + -2 + 11.
6
What is 7 - -1 - (59 + -44)?
-7
5 - (6 - (-6 + 11))
4
What is (-55 - -47) + (1 - 3)?
-10
Calculate 9 + 1 + (14 - 3 - 16).
5
What is 3 + (3 - 5) + (16 - 18)?
-1
(8 - -1) + 30 + -44
-5
(-1 - -3 - (11 + -2)) + 2
-5
5 - (3 + -3 + 0)
5
(1 - 11) + (-1 - -6)
-5
What is 0 + -2 + 2 - (85 + -80)?
-5
9 + (13 - 6 - 10)
6
2 - (0 + 1 + 3 + -1)
-1
What is the value of -7 + (2 - (7 - 9))?
-3
Evaluate (-9 - -7 - -2) + -3.
-3
-13 + 20 + (-5 - -3) + 1
6
-5 + 1 + 5 - -2
3
What is 6 - ((1 - 1) + 4 + -1)?
3
1 + 6 + (2 - 5)
4
Evaluate (-10 - 1 - -14) + (-1 - -2).
4
Calculate 35 + -24 + -2 + -4.
5
(-2 - -15) + -2 + -11 + 9
9
Calculate 3 - 0 - (-8 - -13).
-2
Calculate -4 + (5 - (6 + -3)) + 0.
-2
What is the value of -1 - -9 - (0 + 3)?
5
Calculate 0 - (3 - 6 - -6).
-3
What is the value of 5 + -7 - (5 - (9 + -5))?
-3
What is the value of 1 - (23 - 23 - (-1 - 4))?
-4
Calculate (11 - 4) + -4 - 0.
3
Calculate 5 + -5 + 2 + -8 + 1.
-5
Evaluate 5 + -11 + 14 + 1.
9
Evaluate 9 + -5 + (-5 + -9 - -4).
-6
Evaluate (4 - (5 + 2)) + 6.
3
(28 - 18) + -12 + 4
2
-9 - (-21 + 15 + -8)
5
What is 9 + (10 - 20) - (-1 + 3)?
-3
Evaluate (10 - 10) + (1 - -2).
3
Calculate 3 - (7 + (1 - -5) + -12).
2
What is ((7 - 3) + -1 - -1) + -3?
1
What is the value of (-10 - -9 - -1) + -1?
-1
Evaluate -3 - (-3 - (-2 + 5)).
3
-5 + -5 - (-3 - 4 - -2)
-5
Calculate 1 + (5 - ((-2 - -2) + 2)).
4
-9 + (6 - (0 + -1)) + 0
-2
Calculate 7 + (1 + -5 - (0 + -1)).
4
-1 + 16 - (16 + -14 + 4)
9
What is the value of -3 - (-10 + 8 + -10)?
9
Calculate (-4 - 0) + (-12 - -15).
-1
Evaluate 2 - (3 + 0 + 4 + -5).
0
What is the value of (-4 - -3) + 2 - (2 + 2)?
-3
What is -3 + (7 - 6) - -4?
2
-18 + 15 + (0 - 2)
-5
Calculate (-6 - -13) + 9 - 6.
10
What is (6 - (0 + (9 - 4))) + 1?
2
-3 - (0 + -4 + (6 - 2))
-3
(101 - 99) + (1 - 7)
-4
Evaluate 10 + -3 + -4 - (0 - 0).
3
Calculate -16 + 9 + 0 + 1.
-6
Calculate -1 + 1 + (4 - 10) + 4.
-2
Calculate -3 + 0 + (2 - -8).
7
Evaluate 40 - 32 - (2 - 0).
6
What is the value of -9 + 4 - (1 - 7 - 2)?
3
What is the value of (-2 - -17) + -14 + 2 + 4?
7
(-14 - -9 - (2 - 2)) + 2
-3
What is 0 - -4 - (19 - 18)?
3
8 - (12 - 9 - (1 - 2))
4
What is the value of 3 + -4 - (4 + -4)?
-1
-48 + 52 + 0 + 0
4
3 - 22 - (-2 + -8)
-9
What is the value of 1 + -8 + (4 - 5) - -4?
-4
What is 3 - 8 - ((13 - 4) + -10)?
-4
What is the value of (19 - 13) + (-2 - (-1 + 2))?
3
What is the value of 10 - (3 + (-1 - -2))?
6
What is 99 + -97 + -1 + -5?
-4
Evaluate -11 + 5 - (3 + -14).
5
What is -5 + 1 - (5 + -2)?
-7
Evaluate -2 + (3 - (4 + (-1 - -1))).
-3
Evaluate 1 + (-1 - -1) + 1.
2
Calculate 5 + 1 - (7 - (-18 + 12)).
-7
Evaluate 9 + -2 - 2 - 8.
-3
Calculate (8 - 7) + -6 + 2.
-3
What is 3 + (1 - 0 - 0 - 4)?
0
What is the value of -1 - 6 - (-2 + (1 - 2))?
-4
What is (4 - 1 - (-2 + 11)) + 1?
-5
Evaluate 2 + (8 - 10 - (5 + 1)).
-6
Calculate 2 - (3 + 6 + -4).
-3
-17 + 3 + 22 - (5 - -1)
2
What is the value of -13 - (-12 - -18) - -9?
-10
Evaluate -5 + -6 + 13 + (0 - -1).
3
What is the value of (1 - 2) + 3 - (1 + -4)?
5
5 + (-5 - 6 - -7)
1
Calculate 44 + -47 - (-1 + -7).
5
-11 - (-4 + 8 + -15)
0
4 + 1 - (9 - 1)
-3
What is the value of 6 + 0 - (7 + -13 - -15)?
-3
-6 + 1 - (0 - (0 - -1))
-4
What is 4 + 4 + (-7 - 2)?
-1
What is 50 - 44 - ((2 - 1) + 11)?
-6
Evaluate (4 - 9) + -1 - -11.
5
Evaluate (-6 + 0 + 3 - 0) + 0.
-3
Calculate 1 + (1 - (4 - 1)) + -2.
-3
Calculate (6 - -2) + (3 - (6 + 2)).
3
Evaluate -7 + (15 - 6 - 5).
-3
Evaluate 11 - (3 - (2 + 1 - 6)).
5
What is -5 + 0 + (-6 - -6)?
-5
What is the value of (5 - (0 - -2)) + -2 + 2?
3
Evaluate 24 + -25 + 4 + -3.
0
What is -6 - (-5 - (-4 + 3))?
-2
Calculate (0 - 4) + (3 - -6).
5
What is (17 - (1 - (2 - 9))) + -7?
2
Calculate (-6 - -4 - -7) + 3 - 4.
4
(-2 - -2) + -6 + (4 - -2)
0
What is the value of (-5 - -1) + 5 - 3?
-2
What is the value of 4 + 3 + (5 - 8)?
4
-7 + (-4 - (-5 + 5 + -9))
-2
Calculate (-21 - (0 + -4)) + 8.
-9
What is -2 + 1 + 1 + 2?
2
-4 + 2 - (-3 - 1)
2
10 + -7 + -9 + 2
-4
What is 6 + -4 + (-1 - (2 - 1))?
0
Calculate 0 - -4 - (-3 - (-1 + -3)).
3
What is 3 + (-1 - -3) + -4?
1
What is -6 - ((-28 - -8) + 8)?
6
What is the value of (-77 - -78) + (-6 - 1)?
-6
What is the value of -5 - -21 - (-17 + 25)?
8
Evaluate 4 + -1 - (1 + 6).
-4
What is 6 - (5 - 2) - 3 - -4?
4
Calculate 4 - ((7 - 7) + -2).
6
(0 - (4 - 7)) + -3
0
Evaluate 2 + -4 + 5 + -5 + -1.
-3
Calculate (-7 - -1) + (-7 - -10).
-3
What is 18 - 19 - (-2 + -1)?
2
What is the value of 2 + -9 - (-6 - 1)?
0
Evaluate -3 - (-4 - -3) - (-12 - -6).
4
(-8 - (-7 - 5)) + (-2 - 2)
0
What is the value of 7 + (-5 - ((-5 - -3) + -2))?
6
What is the value of (1 - (4 + 5)) + 5?
-3
-5 - (-2 + (-2 - -1)) - -4
2
What is the value of 4 - 6 - (8 + -11 - -8)?
-7
Calculate (-8 - (-3 + 0)) + 4 - 3.
-4
What is 2 - 1 - (-1 + 7 - 10)?
5
Calculate 1 + 3 + (-72 - -71).
3
What is the value of (0 + 0 - (-5 + 7)) + 1?
-1
Calculate 6 - (3 + (2 - 2)).
3
Calculate (-4 - -4) + -4 - (-31 - -26).
1
What is the value of 0 + 10 + -16 + (26 - 12)?
8
Calculate (-12 - -8) + -1 - (-11 - -1).
5
What is the value of 0 + -5 + 8 + -6?
-3
What is 7 - 5 - -1 - (1 + 2)?
0
7 - (6 + -1) - (4 + -1)
-1
2 + 2 - (2 + 5)
-3
(-2 - -5 - -1) + 1 + -4
1
What is 2 + -4 + 3 + -2?
-1
What is 4 - 0 - ((29 - 11) + -13)?
-1
What is the value of 0 + (6 - ((-4 - -9) + 8))?
-7
Evaluate -12 - -12 - (6 + -2).
-4
What is (11 - -3) + -7 + -2?
5
Calculate -5 + (7 - -1) - (3 + -1).
1
Evaluate (-2 - -7) + 2 + -11 + -1.
-5
What is -42 + 49 + (3 - 2)?
8
Calculate (3 - -3) + -1 + -7.
-2
Evaluate 0 + 2 - (-1 - (-8 + 4)).
-1
Calculate 4 + -2 + 2 + 0 + -1.
3
2 + 2 + -7 + 2 + 0
-1
What is the value of 5 + -4 - 1 - (1 - 1)?
0
-4 - 0 - (0 - (7 - 5))
-2
Evaluate 1 - -4 - 1 - 5.
-1
-3 - (-5 - 1 - -1)
2
What is 4 - (-4 + (-2 - -10))?
0
Calculate 12 + -3 + 9 + -8.
10
-12 + (11 - (19 + -11))
-9
Evaluate 4 + -4 - -4 - (7 - 1).
-2
What is the value of 2 - (-13 + 10 + 0 + 2)?
3
Calculate (-12 + 6 - -5) + -1.
-2
Calculate -3 - (0 - (6 - -1) - -2).
2
1 + (4 - (-1 + 5))
1
(-5 - (3 - 10)) + (2 - -2)
6
What is the value of -5 - (-8 - (0 + 0))?
3
Calculate -10 - ((1 - -1 - -4) + -10).
-6
5 + -5 - (-1 + 0)
1
Calculate (5 - 0) + -4 + -1.
0
Calculate -1 - (-3 + (0 - -4) + 2).
-4
What is the value of -2 + -4 + 2 + 8?
4
Calculate 5 + -1 + -7 - 1.
-4
What is 0 - 2 - (4 - 4 - 3)?
1
Evaluate -1 + (26 - 37 - (-5 + -1)).
-6
0 + -6 - -2 - -3 - -1
0
What is (1 + -14 - -11) + -1 + -1?
-4
-4 + (3 - (-4 - -1))
2
What is 10 + (3 + -12 - -1)?
2
Evaluate (-7 - -2) + (6 - 2) + 4.
3
What is 0 + 2 - 0 - (4 + 3)?
-5
Calculate 2 + (2 - 3) + 4 - 8.
-3
Evaluate -4 + 2 - ((5 - 4) + 0).
-3
What is the value of -10 + (19 - 6) + -7 + 0?
-4
2 + 3 - (8 + -15 + 7)
5
What is the value of (11 - 9) + (-9 - -10)?
3
Evaluate -4 + (3 - (4 - 4 - 6)).
5
What is the value of (2 - (2 + -3)) + -1 + 4?
6
Calculate 1 + -1 - (88 + -92).
4
Evaluate 7 + 0 + 0 - 12.
-5
What is (0 + -8 - (-48 + 46)) + 9?
3
25 - 19 - (-1 - -4)
3
What is 2 + -2 + -5 - -11?
6
Evaluate -2 - 0 - (5 - (5 + -1)).
-3
Calculate -7 - (-8 + (-1 + -5 - -5)).
2
What is 3 + (0 - (1 - -3)) + -1?
-2
What is (-1 - -8) + -5 + 3?
5
What is the value of 9 + ((0 - -3) + -10 - -4)?
6
Calculate (-4 - -9) + (0 - 1).
4
2 + -4 - (2 - 2)
-2
Calculate -139 + 138 + (-1 - (1 - 0)).
-3
What is the value of -5 + (-4 + 8 - 2 - -2)?
-1
(-5 - -6) + (-2 - (1 + -3))
1
-4 + -3 - (1 - 1 - -2)
-9
What is (-2 - -2 - (-4 + 1)) + -5?
-2
What is -2 + 7 + -10 + 4?
-1
-2 - (3 + 4) - -15
6
What is the value of 4 + -2 - (-7 - -12)?
-3
What is -3 - (1 + 0) - (1 - 0)?
-5
What is 11 - (-3 - (1 + -12))?
3
1 + 0 + (6 - 5)
2
What is 1 + (6 - 4) + -14 - -5?
-6
Evaluate -16 - -12 - (-2 + -1) - 